igit of 3476825?
4
What is the hundreds digit of 684782?
7
What is the hundreds digit of 313660?
6
What is the millions digit of 4755540?
4
What is the thousands digit of 1195917?
5
What is the millions digit of 4889158?
4
What is the ten thousands digit of 725744?
2
What is the thousands digit of 2508111?
8
What is the hundreds digit of 763362?
3
What is the units digit of 1302760?
0
What is the tens digit of 701989?
8
What is the hundreds digit of 13135940?
9
What is the thousands digit of 348594?
8
What is the hundreds digit of 1370512?
5
What is the hundred thousands digit of 1773727?
7
What is the units digit of 637372?
2
What is the millions digit of 15256483?
5
What is the tens digit of 23267690?
9
What is the hundreds digit of 4046541?
5
What is the thousands digit of 2000734?
0
What is the hundred thousands digit of 311080?
3
What is the hundred thousands digit of 729101?
7
What is the thousands digit of 219340?
9
What is the hundred thousands digit of 1648170?
6
What is the units digit of 1939125?
5
What is the tens digit of 24862151?
5
What is the ten thousands digit of 1073752?
7
What is the thousands digit of 1328186?
8
What is the ten thousands digit of 9152400?
5
What is the units digit of 30665728?
8
What is the hundred thousands digit of 7679196?
6
What is the thousands digit of 155210?
5
What is the units digit of 114543?
3
What is the thousands digit of 11759549?
9
What is the tens digit of 2048109?
0
What is the ten thousands digit of 222401?
2
What is the tens digit of 2447585?
8
What is the ten thousands digit of 311628?
1
What is the thousands digit of 269497?
9
What is the hundred thousands digit of 9180446?
1
What is the ten thousands digit of 256758?
5
What is the ten thousands digit of 119957?
1
What is the hundreds digit of 11271309?
3
What is the millions digit of 2820520?
2
What is the units digit of 11933536?
6
What is the thousands digit of 451977?
1
What is the hundreds digit of 244380?
3
What is the ten thousands digit of 1860629?
6
What is the ten thousands digit of 2327717?
2
What is the millions digit of 7519071?
7
What is the units digit of 738581?
1
What is the millions digit of 1246127?
1
What is the thousands digit of 250834?
0
What is the hundred thousands digit of 2115677?
1
What is the millions digit of 5421326?
5
What is the units digit of 267970?
0
What is the thousands digit of 274690?
4
What is the thousands digit of 222652?
2
What is the units digit of 1338498?
8
What is the hundreds digit of 1393329?
3
What is the ten thousands digit of 408591?
0
What is the tens digit of 213310?
1
What is the hundred thousands digit of 1577156?
5
What is the thousands digit of 368812?
8
What is the hundreds digit of 224814?
8
What is the hundred thousands digit of 14346243?
3
What is the thousands digit of 133231?
3
What is the tens digit of 23180?
8
What is the ten thousands digit of 868810?
6
What is the hundred thousands digit of 14737099?
7
What is the thousands digit of 2268832?
8
What is the thousands digit of 11993?
1
What is the tens digit of 118124?
2
What is the hundreds digit of 98033?
0
What is the units digit of 15263769?
9
What is the units digit of 1364772?
2
What is the thousands digit of 1437240?
7
What is the thousands digit of 1871107?
1
What is the millions digit of 6255685?
6
What is the tens digit of 2038867?
6
What is the tens digit of 130933?
3
What is the millions digit of 7825504?
7
What is the thousands digit of 245538?
5
What is the hundreds digit of 5696596?
5
What is the tens digit of 1930781?
8
What is the hundred thousands digit of 191074?
1
What is the hundreds digit of 85844?
8
What is the thousands digit of 65264?
5
What is the hundred thousands digit of 18915084?
9
What is the hundreds digit of 2684235?
2
What is the ten thousands digit of 469675?
6
What is the thousands digit of 2375160?
5
What is the tens digit of 2498803?
0
What is the millions digit of 21317864?
1
What is the ten thousands digit of 1434655?
3
What is the thousands digit of 2038243?
8
What is the hundred thousands digit of 937256?
9
What is the units digit of 356492?
2
What is the hundreds digit of 441233?
2
What is the hundreds digit of 8359305?
3
What is the thousands digit of 524362?
4
What is the hundred thousands digit of 3751196?
7
What is the tens digit of 22970737?
3
What is the ten thousands digit of 267190?
6
What is the millions digit of 3901268?
3
What is the ten thousands digit of 22770559?
7
What is the thousands digit of 57445?
7
What is the thousands digit of 90260?
0
What is the hundreds digit of 1580217?
2
What is the hundreds digit of 2001585?
5
What is the tens digit of 134974?
7
What is the thousands digit of 59669?
9
What is the thousands digit of 1956417?
6
What is the ten thousands digit of 3130129?
3
What is the tens digit of 188933?
3
What is the units digit of 12634481?
1
What is the tens digit of 366103?
0
What is the tens digit of 3872108?
0
What is the thousands digit of 37806106?
6
What is the tens digit of 481110?
1
What is the thousands digit of 257689?
7
What is the millions digit of 1003948?
1
What is the ten thousands digit of 861177?
6
What is the hundreds digit of 46238?
2
What is the units digit of 94192?
2
What is the units digit of 87720?
0
What is the hundred thousands digit of 358406?
3
What is the units digit of 24202534?
4
What is the hundreds digit of 51917?
9
What is the hundreds digit of 968915?
9
What is the ten millions digit of 18836761?
1
What is the ten thousands digit of 541102?
4
What is the hundreds digit of 343360?
3
What is the ten thousands digit of 2478932?
7
What is the hundreds digit of 2844320?
3
What is the thousands digit of 612018?
2
What is the hundred thousands digit of 1085593?
0
What is the units digit of 617828?
8
What is the tens digit of 470473?
7
What is the hundred thousands digit of 324355?
3
What is the tens digit of 221530?
3
What is the units digit of 389939?
9
What is the units digit of 3237921?
1
What is the hundreds digit of 2444099?
0
What is the thousands digit of 47661?
7
What is the units digit of 1251352?
2
What is the ten thousands digit of 2321251?
2
What is the hundred thousands digit of 316597?
3
What is the tens digit of 455663?
6
What is the tens digit of 2449078?
7
What is the tens digit of 1028918?
1
What is the tens digit of 8237783?
8
What is the thousands digit of 23468954?
8
What is the millions digit of 6432638?
6
What is the hundred thousands digit of 10276860?
2
What is the ten thousands digit of 292405?
9
What is the ten thousands digit of 556957?
5
What is the hundreds digit of 80573?
5
What is the ten thousands digit of 2315145?
1
What is the hundreds digit of 6135015?
0
What is the tens digit of 1064398?
9
What is the units digit of 17045314?
4
What is the ten thousands digit of 142304?
4
What is the hundred thousands digit of 630388?
6
What is the tens digit of 9114737?
3
What is the thousands digit of 3259020?
9
What is the hundreds digit of 10299289?
2
What is the hundred thousands digit of 793393?
7
What is the hundred thousands digit of 4492614?
4
What is the units digit of 688965?
5
What is the ten thousands digit of 162530?
6
What is the units digit of 4322525?
5
What is the ten thousands digit of 2456840?
5
What is the hundreds digit of 292296?
2
What is the units digit of 219002?
2
What is the thousands digit of 201569?
1
What is the ten thousands digit of 97176?
9
What is the hundreds digit of 323808?
8
What is the hundred thousands digit of 4421281?
4
What is the thousands digit of 70581?
0
What is the tens digit of 1540719?
1
What is the tens digit of 10147?
4
What is the tens digit of 10526184?
8
What is the ten thousands digit of 1638893?
3
What is the units digit of 661978?
8
What is the thousands digit of 310077?
0
What is the tens digit of 796912?
1
What is the hundreds digit of 14442248?
2
What is the thousands digit of 1907416?
7
What is the hundreds digit of 1146413?
4
What is the tens digit of 3162094?
9
What is the hundreds digit of 4876207?
2
What is the tens digit of 1560596?
9
What is the tens digit of 8436722?
2
What is the hundred thousands digit of 384574?
3
What is the hundred thousands digit of 185844?
1
What is the units digit of 4508806?
6
What is the ten millions 